on factor of m and 72.
24
Let a be 5 + (-4 - -1) - 0. Suppose -2*i + 38 = a*q, 10 = 2*i - i - 2*q. What is the highest common divisor of 40 and i?
8
Suppose 3*n - 2*f = 44, 0 = n - 3*n - f + 20. Calculate the greatest common divisor of n and 18.
6
Let o(x) = -3*x**2 - 34*x + 4. Let h be o(-11). What is the greatest common factor of h and 135?
15
Let h(q) = -q + 1. Let t(a) = 10*a - 10. Let r(k) = -42*h(k) - 3*t(k). Let v be r(5). Calculate the highest common factor of 12 and v.
12
Let c(r) = r**3 - 7*r**2 + 12*r - 14. Let t be c(7). What is the greatest common divisor of t and 10?
10
Let f = 172 + -92. What is the greatest common factor of 20 and f?
20
Suppose 5*r + 13 = -7. Let w = 10 + r. Calculate the greatest common divisor of 42 and w.
6
Let a = 31 - 22. What is the greatest common divisor of a and 3?
3
Suppose -5*w + w = -4*q + 20, -2*q - 46 = 5*w. Let l be w/(-3)*21/14. Let a be (-6)/l*(-136)/12. What is the greatest common divisor of 119 and a?
17
Suppose 3*v - 2*o - 33 = 0, 17 = 2*v + 3*o - 18. Let m be 2/(-9)*3*-156. What is the greatest common divisor of m and v?
13
Suppose -2*d + 258 = 2*x, 7*d - 3*d = -2*x + 250. Suppose 5*s + 32 = 3*u, 20 = 5*s - 5. What is the highest common factor of u and x?
19
Let l(j) = 0 + 2 - 1 - 3*j. Let s be 0 + (-2)/(-1) + -5. Let u be l(s). Calculate the greatest common factor of 10 and u.
10
Let q(t) = -3*t + 119. Let n be q(0). What is the highest common divisor of 17 and n?
17
Suppose 0*n = -n - 5*y + 50, 5*n + y - 154 = 0. Let z(t) = 37*t + 1. Let f be z(1). Suppose -5*w = 8 - f. Calculate the greatest common divisor of n and w.
6
Let p be ((-2)/(-3))/((-16)/120). Let m = 7 + p. Let c be (2/5)/(m/40). What is the greatest common divisor of 24 and c?
8
Let z(t) = t**3 + 5*t**2 + 4*t + 1. Let w be z(-3). Suppose 0 = -11*y + 10*y + 63. Calculate the greatest common factor of w and y.
7
Let k(o) = 8*o. Let r be k(1). Let v(a) = a**2 - 6*a - 2. Let p be v(r). Calculate the greatest common divisor of 28 and p.
14
Suppose -17 = -f - 3*w, -36 = -4*f - 5*w + w. Suppose 3*r + g + 44 = f*r, 0 = -5*r + 4*g + 116. What is the highest common divisor of r and 4?
4
Let v be 28/(-3)*(-72)/14. Calculate the greatest common divisor of v and 6.
6
Let r(l) = l**3 - l**2 + 2. Let m be r(0). Let g(i) = 8*i**2 + i. Let j be g(2). Suppose -j + 9 = -5*h. What is the greatest common factor of h and m?
1
Suppose 2*u + 3*r - 27 = 0, -5*r = 2*u - u - 31. Calculate the greatest common divisor of 6 and u.
6
Suppose y = p - 9, 0*p - 4*p - y = -46. What is the highest common divisor of 121 and p?
11
Let x = 12 + -5. Suppose 3*f = 4*b - 81, 0*f - 39 = -2*b + 3*f. Calculate the greatest common factor of x and b.
7
Suppose 65 = 3*y + 2*y. Calculate the highest common factor of y and 91.
13
Let y(d) = 2*d**3 + 2*d**2 - 4*d + 2. Let g be y(1). What is the highest common divisor of g and 4?
2
Let c(s) = 4*s + 2. Let w be c(16). What is the highest common divisor of 11 and w?
11
Let d be -6 + 2 + (0 - -18). Calculate the greatest common factor of d and 14.
14
Suppose 0 = -4*x - 3*r + 64 + 32, -88 = -4*x - r. Suppose -2*m + 4 = -m. Let j(c) = 3*c**2 + 9*c. Let i be j(m). What is the highest common factor of x and i?
21
Let w = -111 + 117. Let o be (-35)/(-4) + 1/4. Calculate the highest common factor of w and o.
3
Let v = -1 + 6. Let o be ((-5)/v)/(2/(-10)). Suppose z - 26 = g, -z - o*g + 30 = -20. Calculate the greatest common divisor of 20 and z.
10
Suppose 0 = -3*c + 23 - 71. Let a = -10 - c. What is the highest common divisor of 18 and a?
6
Suppose q = 5*d + 3*q - 27, d + q = 3. Calculate the greatest common divisor of d and 35.
7
Suppose 5*l + j - 54 = -0*l, -2*l - j = -24. Let o(d) = 19*d - 6. Let c be 8*-3*3/(-18). Let t be o(c). What is the highest common divisor of l and t?
10
Let q(y) = y**3 - 4*y**2 + 4*y - 2. Let v be q(2). Let f be 4/3*(-15)/v. Suppose -4*h + 230 - 70 = 0. What is the greatest common factor of f and h?
10
Let d be (-1)/((-1)/(-2) + -1). Suppose c - u - 2*u = 61, -d*c + 116 = -3*u. Calculate the greatest common factor of c and 5.
5
Let d = -5 + 104. What is the highest common factor of d and 33?
33
Let y be 13 - 3/((-9)/6). Calculate the greatest common divisor of y and 15.
15
Suppose -3*o + 2 = -7. Suppose o = j - 4. Let n(l) = 4*l**2 + 3*l + 1. Let a be n(4). What is the highest common divisor of j and a?
7
Let a(l) = -l**3 + 2*l**2 + 3*l - 3. Let n be a(2). Let g = 8 - n. What is the greatest common divisor of 1 and g?
1
Let l(q) = q**3 - 9*q**2 + 8*q + 6. Let y = 9 - 1. Let p be l(y). Suppose 2*g - 3*b - 15 = 9, 12 = g - 5*b. Calculate the highest common factor of g and p.
6
Let k be (18/8)/((-1)/(-4)). Suppose 4*m - 64 = -4*l, 40 + 13 = 2*l - 5*m. Let f = l - k. Calculate the highest common divisor of 90 and f.
10
Suppose -5*c + 2*c + 5*b - 66 = 0, 0 = -2*c - b - 31. Let q = -9 - c. What is the highest common factor of 12 and q?
4
Suppose 5*z - 215 = -3*c + 148, -5*z + 15 = 0. Let v = 172 - c. Calculate the highest common factor of v and 7.
7
Suppose 2*v + 2 + 26 = 0. Suppose 6*q - 20 = q. Let a be q/v - (-172)/14. Calculate the greatest common factor of a and 12.
12
Suppose 4*b - 292 = -4*s + 92, 2*s + 6 = 0. Suppose 3*q = -4*r + 36, 0 = q - 3*q. What is the highest common factor of r and b?
9
Suppose -14*n + 480 - 116 = 0. What is the greatest common factor of 208 and n?
26
Let u(k) = 6*k**2 + k + 3. Let n(z) = -3*z**2 - 1. Let g(t) = -9*n(t) - 4*u(t). Let p be g(-3). Calculate the greatest common divisor of p and 90.
18
Suppose 5*m + 3 - 83 = 0. Calculate the highest common factor of m and 4.
4
Suppose 7*v - 4*v = f + 215, -5*v - 2*f + 362 = 0. What is the highest common divisor of v and 8?
8
Let g be 2/(-8) + 25/4. Let t = 8 - g. What is the greatest common divisor of 2 and t?
2
Let a(k) = -4*k - 3. Let o be a(-3). Let t(z) be the first derivative of 10*z**2 + 3*z + 3. Let h be t(3). What is the greatest common divisor of o and h?
9
Let h(a) = 7*a**3 - a**2 - a + 2. Let m be h(2). Let b be (m/(-1))/(-4) + -2. What is the highest common divisor of b and 33?
11
Suppose 0 = 3*k + 6, 26 = 2*f - k - 0*k. What is the greatest common divisor of f and 24?
12
Suppose h = 5*w + 60, -4*w = -8*h + 7*h + 55. Calculate the greatest common factor of h and 280.
35
Let l(k) = 4*k - 1. Let q be (9/6)/(2/4). Let r be l(q). What is the highest common factor of r and 77?
11
Let q = 44 - -110. Let c(s) = s**3 - s**2 + s + 9. Let g be c(0). Suppose 0 = i - 5 - g. Calculate the highest common factor of i and q.
14
Let w = 83 - 72. What is the greatest common factor of 209 and w?
11
Let q = 83 + 37. What is the greatest common factor of 20 and q?
20
Suppose 19*n = 20*n - 240. Let t be 3/(3/2) - -28. Calculate the greatest common divisor of t and n.
30
Let s be -4*(1/(-4) + -1). Calculate the greatest common factor of s and 35.
5
Suppose d - 5 - 3 = 0. Calculate the highest common factor of d and 20.
4
Suppose 0 = -7*g + 1148 - 329. What is the highest common divisor of 78 and g?
39
Suppose 5*b - 600 = -3*b. Calculate the greatest common factor of b and 15.
15
Let x be 2 - 0 - (2 - 3). Suppose 0 = x*c + 2 - 14. Calculate the highest common divisor of c and 28.
4
Suppose q + 2*z - 11 = 3, 3*z + 29 = q. Suppose 4*o + 0*o = -5*s - 47, 4*o = 2*s + 30. Let j = -1 - s. What is the highest common divisor of q and j?
10
Let y(f) = 2*f**2 + f - 2. Let z be y(-2). Let l = -59 + 49. Let w be l/z*-3*10. What is the greatest common factor of w and 15?
15
Let y = 2 + 5. Let v(d) = d + 9. Let b be v(y). Suppose -1 = c - 5. Calculate the greatest common divisor of b and c.
4
Let l(m) = -m**3 + 9*m**2 + 4*m. Let z be -4*1/(-4) - -8. Let x be l(z). Let k(n) = -n + 5. Let y be k(-4). What is the highest common factor of x and y?
9
Suppose 2*u - 28 = -4*g, 2*u - 4*u = -2*g + 14. Suppose -g = -s + 5. Calculate the greatest common factor of 84 and s.
12
Let h be (500/(-35))/((6/(-21))/1). What is the greatest common factor of h and 10?
10
Suppose 49 + 7 = -4*r - 5*u, 0 = 2*r - 2*u + 10. Let n = -4 - r. Let b be (1/3)/(2/6). What is the highest common divisor of b and n?
1
Let u be (-3)/(24/(-46)) + 2/8. Suppose 3*o - 5*n + 2*n = 177, 5*o - 290 = 4*n. Calculate the highest common factor of o and u.
6
Suppose -4*c = -9*c - 45. Let t(y) = -y**3 - 